{"id":31,"date":"2019-01-11T16:50:46","date_gmt":"2019-01-11T13:50:46","guid":{"rendered":"https:\/\/almerdisticaret.com\/?page_id=31"},"modified":"2023-11-12T02:55:38","modified_gmt":"2023-11-11T23:55:38","slug":"anasayfa","status":"publish","type":"page","link":"https:\/\/almerdisticaret.com\/","title":{"rendered":"Anasayfa"},"content":{"rendered":"<div class=\"wpb-content-wrapper\">[vc_row full_width=&#8221;stretch_row_content_no_spaces&#8221; remove_bottom_col_margin=&#8221;true&#8221;][vc_column]\n\t\t\t<!-- START cipso REVOLUTION SLIDER 6.6.16 --><p class=\"rs-p-wp-fix\"><\/p>\n\t\t\t<rs-module-wrap id=\"rev_slider_1_1_wrapper\" data-source=\"gallery\" style=\"visibility:hidden;background:transparent;padding:0;margin:0px auto;margin-top:0;margin-bottom:0;\">\n\t\t\t\t<rs-module id=\"rev_slider_1_1\" style=\"\" data-version=\"6.6.16\">\n\t\t\t\t\t<rs-slides style=\"overflow: hidden; position: absolute;\">\n\t\t\t\t\t\t<rs-slide style=\"position: absolute;\" data-key=\"rs-1\" data-title=\"Slide\" data-anim=\"adpr:false;\">\n\t\t\t\t\t\t\t<img src=\"\/\/almerdisticaret.com\/wp-content\/plugins\/revslider\/public\/assets\/assets\/dummy.png\" alt=\"\" title=\"Anasayfa\" class=\"rev-slidebg tp-rs-img rs-lazyload\" data-lazyload=\"\/\/almerdisticaret.com\/wp-content\/uploads\/2019\/01\/784.jpg\" data-parallax=\"off\" data-no-retina>\n<!--\n\t\t\t\t\t\t\t--><rs-layer\n\t\t\t\t\t\t\t\tid=\"slider-1-slide-1-layer-2\" \n\t\t\t\t\t\t\t\tdata-type=\"image\"\n\t\t\t\t\t\t\t\tdata-rsp_ch=\"on\"\n\t\t\t\t\t\t\t\tdata-xy=\"x:74px;y:120px;\"\n\t\t\t\t\t\t\t\tdata-text=\"l:22;a:inherit;\"\n\t\t\t\t\t\t\t\tdata-dim=\"w:180px;h:281;\"\n\t\t\t\t\t\t\t\tdata-frame_0=\"tp:600;\"\n\t\t\t\t\t\t\t\tdata-frame_1=\"tp:600;sR:10;\"\n\t\t\t\t\t\t\t\tdata-frame_999=\"o:0;tp:600;st:w;sR:8690;\"\n\t\t\t\t\t\t\t\tstyle=\"z-index:5;\"\n\t\t\t\t\t\t\t><img src=\"\/\/almerdisticaret.com\/wp-content\/plugins\/revslider\/public\/assets\/assets\/dummy.png\" alt=\"\" class=\"tp-rs-img rs-lazyload\" width=\"1924\" height=\"3008\" data-lazyload=\"\/\/almerdisticaret.com\/wp-content\/uploads\/2019\/01\/patos-nacho-3D.png\" data-no-retina> \n\t\t\t\t\t\t\t<\/rs-layer><!--\n\n\t\t\t\t\t\t\t--><rs-layer\n\t\t\t\t\t\t\t\tid=\"slider-1-slide-1-layer-3\" \n\t\t\t\t\t\t\t\tdata-type=\"image\"\n\t\t\t\t\t\t\t\tdata-rsp_ch=\"on\"\n\t\t\t\t\t\t\t\tdata-xy=\"x:207px;y:105px;\"\n\t\t\t\t\t\t\t\tdata-text=\"l:22;a:inherit;\"\n\t\t\t\t\t\t\t\tdata-dim=\"w:200px;h:317px;\"\n\t\t\t\t\t\t\t\tdata-frame_0=\"tp:600;\"\n\t\t\t\t\t\t\t\tdata-frame_1=\"tp:600;sR:10;\"\n\t\t\t\t\t\t\t\tdata-frame_999=\"o:0;tp:600;st:w;sR:8690;\"\n\t\t\t\t\t\t\t\tstyle=\"z-index:6;\"\n\t\t\t\t\t\t\t><img src=\"\/\/almerdisticaret.com\/wp-content\/plugins\/revslider\/public\/assets\/assets\/dummy.png\" alt=\"\" class=\"tp-rs-img rs-lazyload\" width=\"1900\" height=\"3008\" data-lazyload=\"\/\/almerdisticaret.com\/wp-content\/uploads\/2019\/01\/patos-aci-baharat-3D.png\" data-no-retina> \n\t\t\t\t\t\t\t<\/rs-layer><!--\n\n\t\t\t\t\t\t\t--><rs-layer\n\t\t\t\t\t\t\t\tid=\"slider-1-slide-1-layer-8\" \n\t\t\t\t\t\t\t\tdata-type=\"image\"\n\t\t\t\t\t\t\t\tdata-rsp_ch=\"on\"\n\t\t\t\t\t\t\t\tdata-xy=\"x:983px;y:121px;\"\n\t\t\t\t\t\t\t\tdata-text=\"l:22;a:inherit;\"\n\t\t\t\t\t\t\t\tdata-dim=\"w:175;h:281px;\"\n\t\t\t\t\t\t\t\tdata-frame_0=\"tp:600;\"\n\t\t\t\t\t\t\t\tdata-frame_1=\"tp:600;sR:10;\"\n\t\t\t\t\t\t\t\tdata-frame_999=\"o:0;tp:600;st:w;sR:8690;\"\n\t\t\t\t\t\t\t\tstyle=\"z-index:7;\"\n\t\t\t\t\t\t\t><img src=\"\/\/almerdisticaret.com\/wp-content\/plugins\/revslider\/public\/assets\/assets\/dummy.png\" alt=\"\" class=\"tp-rs-img rs-lazyload\" width=\"1825\" height=\"2927\" data-lazyload=\"\/\/almerdisticaret.com\/wp-content\/uploads\/2019\/01\/cipso-aci-baharat-yeni.png\" data-no-retina> \n\t\t\t\t\t\t\t<\/rs-layer><!--\n\n\t\t\t\t\t\t\t--><rs-layer\n\t\t\t\t\t\t\t\tid=\"slider-1-slide-1-layer-4\" \n\t\t\t\t\t\t\t\tdata-type=\"image\"\n\t\t\t\t\t\t\t\tdata-rsp_ch=\"on\"\n\t\t\t\t\t\t\t\tdata-xy=\"x:347px;y:98px;\"\n\t\t\t\t\t\t\t\tdata-text=\"l:22;a:inherit;\"\n\t\t\t\t\t\t\t\tdata-dim=\"w:220px;h:347px;\"\n\t\t\t\t\t\t\t\tdata-frame_0=\"tp:600;\"\n\t\t\t\t\t\t\t\tdata-frame_1=\"tp:600;sR:10;\"\n\t\t\t\t\t\t\t\tdata-frame_999=\"o:0;tp:600;st:w;sR:8690;\"\n\t\t\t\t\t\t\t\tstyle=\"z-index:8;\"\n\t\t\t\t\t\t\t><img src=\"\/\/almerdisticaret.com\/wp-content\/plugins\/revslider\/public\/assets\/assets\/dummy.png\" alt=\"\" class=\"tp-rs-img rs-lazyload\" width=\"1937\" height=\"3020\" data-lazyload=\"\/\/almerdisticaret.com\/wp-content\/uploads\/2019\/01\/critos-peynir-3D.png\" data-no-retina> \n\t\t\t\t\t\t\t<\/rs-layer><!--\n\n\t\t\t\t\t\t\t--><rs-layer\n\t\t\t\t\t\t\t\tid=\"slider-1-slide-1-layer-7\" \n\t\t\t\t\t\t\t\tdata-type=\"image\"\n\t\t\t\t\t\t\t\tdata-rsp_ch=\"on\"\n\t\t\t\t\t\t\t\tdata-xy=\"x:847px;y:101px;\"\n\t\t\t\t\t\t\t\tdata-text=\"l:22;a:inherit;\"\n\t\t\t\t\t\t\t\tdata-dim=\"w:198;h:317px;\"\n\t\t\t\t\t\t\t\tdata-frame_0=\"tp:600;\"\n\t\t\t\t\t\t\t\tdata-frame_1=\"tp:600;sR:10;\"\n\t\t\t\t\t\t\t\tdata-frame_999=\"o:0;tp:600;st:w;sR:8690;\"\n\t\t\t\t\t\t\t\tstyle=\"z-index:9;\"\n\t\t\t\t\t\t\t><img src=\"\/\/almerdisticaret.com\/wp-content\/plugins\/revslider\/public\/assets\/assets\/dummy.png\" alt=\"\" class=\"tp-rs-img rs-lazyload\" width=\"1825\" height=\"2927\" data-lazyload=\"\/\/almerdisticaret.com\/wp-content\/uploads\/2019\/01\/cipso-ketcap-yeni.png\" data-no-retina> \n\t\t\t\t\t\t\t<\/rs-layer><!--\n\n\t\t\t\t\t\t\t--><rs-layer\n\t\t\t\t\t\t\t\tid=\"slider-1-slide-1-layer-6\" \n\t\t\t\t\t\t\t\tdata-type=\"image\"\n\t\t\t\t\t\t\t\tdata-rsp_ch=\"on\"\n\t\t\t\t\t\t\t\tdata-xy=\"x:698px;y:95px;\"\n\t\t\t\t\t\t\t\tdata-text=\"l:22;a:inherit;\"\n\t\t\t\t\t\t\t\tdata-dim=\"w:216;h:347px;\"\n\t\t\t\t\t\t\t\tdata-frame_0=\"tp:600;\"\n\t\t\t\t\t\t\t\tdata-frame_1=\"tp:600;sR:10;\"\n\t\t\t\t\t\t\t\tdata-frame_999=\"o:0;tp:600;st:w;sR:8690;\"\n\t\t\t\t\t\t\t\tstyle=\"z-index:10;\"\n\t\t\t\t\t\t\t><img src=\"\/\/almerdisticaret.com\/wp-content\/plugins\/revslider\/public\/assets\/assets\/dummy.png\" alt=\"\" class=\"tp-rs-img rs-lazyload\" width=\"1825\" height=\"2927\" data-lazyload=\"\/\/almerdisticaret.com\/wp-content\/uploads\/2019\/01\/cipso-original-yeni.png\" data-no-retina> \n\t\t\t\t\t\t\t<\/rs-layer><!--\n\n\t\t\t\t\t\t\t--><rs-layer\n\t\t\t\t\t\t\t\tid=\"slider-1-slide-1-layer-5\" \n\t\t\t\t\t\t\t\tclass=\"rs-pxl-1\"\n\t\t\t\t\t\t\t\tdata-type=\"image\"\n\t\t\t\t\t\t\t\tdata-rsp_ch=\"on\"\n\t\t\t\t\t\t\t\tdata-xy=\"x:508px;y:73px;\"\n\t\t\t\t\t\t\t\tdata-text=\"l:22;a:inherit;\"\n\t\t\t\t\t\t\t\tdata-dim=\"w:250px;h:386px;\"\n\t\t\t\t\t\t\t\tdata-frame_0=\"tp:600;\"\n\t\t\t\t\t\t\t\tdata-frame_1=\"tp:600;sR:10;\"\n\t\t\t\t\t\t\t\tdata-frame_999=\"o:0;tp:600;st:w;sR:8690;\"\n\t\t\t\t\t\t\t\tstyle=\"z-index:11;\"\n\t\t\t\t\t\t\t><img src=\"\/\/almerdisticaret.com\/wp-content\/plugins\/revslider\/public\/assets\/assets\/dummy.png\" alt=\"\" class=\"tp-rs-img rs-lazyload\" width=\"1956\" height=\"3020\" data-lazyload=\"\/\/almerdisticaret.com\/wp-content\/uploads\/2019\/01\/critos-meksika-3D.png\" data-no-retina> \n\t\t\t\t\t\t\t<\/rs-layer><!--\n-->\t\t\t\t\t\t<\/rs-slide>\n\t\t\t\t\t<\/rs-slides>\n\t\t\t\t<\/rs-module>\n\t\t\t\t<script>\n\t\t\t\t\tsetREVStartSize({c: 'rev_slider_1_1',rl:[1240,1024,778,480],el:[],gw:[1240],gh:[500],type:'standard',justify:'',layout:'fullwidth',mh:\"0\"});if (window.RS_MODULES!==undefined && window.RS_MODULES.modules!==undefined && window.RS_MODULES.modules[\"revslider11\"]!==undefined) {window.RS_MODULES.modules[\"revslider11\"].once = false;window.revapi1 = undefined;if (window.RS_MODULES.checkMinimal!==undefined) window.RS_MODULES.checkMinimal()}\n\t\t\t\t<\/script>\n\t\t\t<\/rs-module-wrap>\n\t\t\t<!-- END REVOLUTION SLIDER -->\n[\/vc_column][\/vc_row][vc_row full_width=&#8221;stretch_row_content_no_spaces&#8221; remove_bottom_col_margin=&#8221;true&#8221; css=&#8221;.vc_custom_1547296676988{background-color: rgba(170,160,119,0.05) !important;*background-color: rgb(170,160,119) !important;}&#8221;][vc_column]<div class=\"vcex-spacing wpex-w-100 wpex-clear\" style=\"height:40px;\"><\/div><style>.vcex-heading.vcex_69dfc4fc59eac{width:1024px;color:#000000;font-size:32px;font-family:Montserrat;font-weight:900;}<\/style><h1 class=\"vcex-heading vcex-heading-plain vcex-module wpex-heading wpex-text-2xl wpex-text-center wpex-max-w-100 wpex-mx-auto  wpb_animate_when_almost_visible wpb_fadeInUp fadeInUp vcex_69dfc4fc59eac\"><span class=\"vcex-heading-inner wpex-inline-block\">Almer D\u0131\u015f Ticaret<\/span><\/h1><div class=\"vcex-spacing wpex-w-100 wpex-clear\" style=\"height:20px;\"><\/div><style>.vcex-heading.vcex_69dfc4fc5ca3d{width:1024px;color:#000000;font-size:18px;font-family:Montserrat;font-weight:300;}<\/style><h1 class=\"vcex-heading vcex-heading-plain vcex-module wpex-heading wpex-text-2xl wpex-text-center wpex-max-w-100 wpex-mx-auto  wpb_animate_when_almost_visible wpb_fadeInUp fadeInUp vcex_69dfc4fc5ca3d\"><span class=\"vcex-heading-inner wpex-inline-block\">\u0130stanbul'da hizmete a\u00e7m\u0131\u015f oldu\u011fu ofisden T\u00fcrkiye\u00b4de \u00fcretilen T\u00fcrk markalar\u0131n\u0131 rekabet\u00e7i fiyat politikas\u0131yla ve \u00fcst\u00fcn hizmet kalitesiyle D\u00fcnya pazarlar\u0131na sunuyor.<\/span><\/h1><div class=\"vcex-spacing wpex-w-100 wpex-clear\" style=\"height:50px;\"><\/div><div class=\"vcex-divider-multicolor vcex-module wpex-flex wpex-w-100 wpex-m-auto\"><span class=\"vcex-divider-multicolor__item wpex-flex-grow\" style=\"background:#d11d1d;\"><\/span><span class=\"vcex-divider-multicolor__item wpex-flex-grow\" style=\"background:#ecb573;\"><\/span><span class=\"vcex-divider-multicolor__item wpex-flex-grow\" style=\"background:#ffe6a3;\"><\/span><span class=\"vcex-divider-multicolor__item wpex-flex-grow\" style=\"background:#879163;\"><\/span><span class=\"vcex-divider-multicolor__item wpex-flex-grow\" style=\"background:#3c3115;\"><\/span><\/div>[\/vc_column][\/vc_row][vc_row full_width=&#8221;stretch_row&#8221; content_placement=&#8221;top&#8221; remove_bottom_col_margin=&#8221;true&#8221;][vc_column width=&#8221;1\/3&#8243;]<div class=\"vcex-spacing wpex-w-100 wpex-clear\"><\/div>[vc_icon icon_fontawesome=&#8221;fa fa-users&#8221; color=&#8221;custom&#8221; background_style=&#8221;rounded&#8221; background_color=&#8221;blue&#8221; size=&#8221;lg&#8221; align=&#8221;center&#8221; custom_color=&#8221;#ffffff&#8221;]<style>.vcex-heading.vcex_69dfc4fc5d6c9{color:#141e23;font-size:32px;font-family:Montserrat;font-weight:900;}<\/style><h1 class=\"vcex-heading vcex-heading-plain vcex-module wpex-heading wpex-text-2xl wpex-text-center  wpb_animate_when_almost_visible wpb_fadeInUp fadeInUp vcex_69dfc4fc5d6c9\"><span class=\"vcex-heading-inner wpex-inline-block\">Pazar\u0131m\u0131z<\/span><\/h1><div class=\"vcex-spacing wpex-w-100 wpex-clear\" style=\"height:10px;\"><\/div><style>.vcex-heading.vcex_69dfc4fc5de94{color:#656669;font-size:15px;font-family:Montserrat;font-weight:300;}<\/style><h2 class=\"vcex-heading vcex-heading-plain vcex-module wpex-heading wpex-text-2xl wpex-text-center  wpb_animate_when_almost_visible wpb_fadeInUp fadeInUp vcex_69dfc4fc5de94\"><span class=\"vcex-heading-inner wpex-inline-block\">Kendi sat\u0131\u015f ekibimiz ve partnerlerimizle \u00fcr\u00fcnlerimizi Avrupa'da t\u00fcm noktalara ula\u015ft\u0131r\u0131yoruz.<\/span><\/h2><div class=\"vcex-spacing wpex-w-100 wpex-clear\"><\/div>[\/vc_column][vc_column width=&#8221;1\/3&#8243;]<div class=\"vcex-spacing wpex-w-100 wpex-clear\"><\/div>[vc_icon icon_fontawesome=&#8221;fa fa-truck&#8221; color=&#8221;custom&#8221; background_style=&#8221;rounded&#8221; background_color=&#8221;blue&#8221; size=&#8221;lg&#8221; align=&#8221;center&#8221; custom_color=&#8221;#ffffff&#8221;]<style>.vcex-heading.vcex_69dfc4fc5e90c{color:#141e23;font-size:32px;font-family:Montserrat;font-weight:900;}<\/style><h1 class=\"vcex-heading vcex-heading-plain vcex-module wpex-heading wpex-text-2xl wpex-text-center  wpb_animate_when_almost_visible wpb_fadeInUp fadeInUp vcex_69dfc4fc5e90c\"><span class=\"vcex-heading-inner wpex-inline-block\">Servisimiz<\/span><\/h1><div class=\"vcex-spacing wpex-w-100 wpex-clear\" style=\"height:10px;\"><\/div><style>.vcex-heading.vcex_69dfc4fc5f705{color:#656669;font-size:15px;font-family:Montserrat;font-weight:300;}<\/style><h2 class=\"vcex-heading vcex-heading-plain vcex-module wpex-heading wpex-text-2xl wpex-text-center  wpb_animate_when_almost_visible wpb_fadeInUp fadeInUp vcex_69dfc4fc5f705\"><span class=\"vcex-heading-inner wpex-inline-block\">M\u00fc\u015fteri ve t\u00fcketici memnuniyeti i\u00e7in sat\u0131\u015f ve sat\u0131\u015f sonras\u0131 hizmetlerimizle \u00fcr\u00fcnlerimizi destekliyoruz.<\/span><\/h2><div class=\"vcex-spacing wpex-w-100 wpex-clear\"><\/div>[\/vc_column][vc_column width=&#8221;1\/3&#8243;]<div class=\"vcex-spacing wpex-w-100 wpex-clear\"><\/div>[vc_icon icon_fontawesome=&#8221;fa fa-linode&#8221; color=&#8221;custom&#8221; background_style=&#8221;rounded&#8221; background_color=&#8221;blue&#8221; size=&#8221;lg&#8221; align=&#8221;center&#8221; custom_color=&#8221;#ffffff&#8221;]<style>.vcex-heading.vcex_69dfc4fc605d6{color:#141e23;font-size:32px;font-family:Montserrat;font-weight:900;}<\/style><h1 class=\"vcex-heading vcex-heading-plain vcex-module wpex-heading wpex-text-2xl wpex-text-center  wpb_animate_when_almost_visible wpb_fadeInUp fadeInUp vcex_69dfc4fc605d6\"><span class=\"vcex-heading-inner wpex-inline-block\">\u00dcr\u00fcn\u00fcm\u00fcz<\/span><\/h1><div class=\"vcex-spacing wpex-w-100 wpex-clear\" style=\"height:10px;\"><\/div><style>.vcex-heading.vcex_69dfc4fc613bd{color:#656669;font-size:15px;font-family:Montserrat;font-weight:300;}<\/style><h2 class=\"vcex-heading vcex-heading-plain vcex-module wpex-heading wpex-text-2xl wpex-text-center  wpb_animate_when_almost_visible wpb_fadeInUp fadeInUp vcex_69dfc4fc613bd\"><span class=\"vcex-heading-inner wpex-inline-block\">Yenilik\u00e7i, kaliteli ve rekabet\u00e7i bir \u00fcr\u00fcn portf\u00f6y\u00fc sunuyoruz.<\/span><\/h2><div class=\"vcex-spacing wpex-w-100 wpex-clear\"><\/div>[\/vc_column][\/vc_row][vc_row full_width=&#8221;stretch_row_content_no_spaces&#8221; css=&#8221;.vc_custom_1547373261809{background-color: #dd3333 !important;}&#8221;][vc_column]<div class=\"vcex-spacing wpex-w-100 wpex-clear\" style=\"height:50px;\"><\/div><style>.vcex-heading.vcex_69dfc4fc62434{color:#ffffff;font-family:Montserrat;font-weight:500;}<\/style><h1 class=\"vcex-heading vcex-heading-plain vcex-module wpex-heading wpex-text-2xl wpex-text-center vcex_69dfc4fc62434\"><a href=\"https:\/\/almerdisticaret.com\/index.php\/urunlerimiz\/\" class=\"wpex-no-underline wpex-inherit-color-important\" target=\"_self\"><span class=\"vcex-heading-inner wpex-inline-block\">Katalo\u011fumuzu inceleyip yeni \u00fcr\u00fcnlerimizi ke\u015ffedin!<\/span><\/a><\/h1><div class=\"vcex-spacing wpex-w-100 wpex-clear\"><\/div><style>.vcex-button.vcex_69dfc4fc63b4a{border-radius:20px;font-size:16px;font-family:Montserrat;font-weight:400;}<\/style><div class=\"theme-button-wrap textcenter wpex-clr\"><a href=\"https:\/\/almerdisticaret.com\/index.php\/urunlerimiz\/\" class=\"vcex-button theme-button outline white align-center inline vcex_69dfc4fc63b4a\"><span class=\"vcex-button-inner theme-button-inner wpex-flex wpex-flex-wrap wpex-items-center wpex-justify-center\">2023 \u00dcr\u00fcn Katalo\u011fu<\/span><\/a><\/div> <div class=\"vcex-spacing wpex-w-100 wpex-clear\"><\/div>[\/vc_column][\/vc_row][vc_row full_width=&#8221;stretch_row&#8221; css=&#8221;.vc_custom_1547384829547{background-image: url(https:\/\/almerdisticaret.com\/wp-content\/uploads\/2019\/01\/banner_cipso_2.jpg?id=88) !important;background-position: center !important;background-repeat: no-repeat !important;background-size: cover !important;}&#8221;][vc_column]<div class=\"vcex-spacing wpex-w-100 wpex-clear\" style=\"height:270px;\"><\/div>[\/vc_column][\/vc_row][vc_row full_width=&#8221;stretch_row&#8221; css=&#8221;.vc_custom_1547386220591{background-color: #aaa077 !important;}&#8221;][vc_column]<div class=\"vcex-spacing wpex-w-100 wpex-clear\" style=\"height:50px;\"><\/div>[vc_text_separator title=&#8221;MARKALAR&#8221; color=&#8221;white&#8221; style=&#8221;four&#8221; element_type=&#8221;h1&#8243; font_weight=&#8221;900&#8243; font_size=&#8221;32&#8243;][\/vc_column][\/vc_row][vc_row full_width=&#8221;stretch_row&#8221; content_placement=&#8221;middle&#8221; css=&#8221;.vc_custom_1547391496558{background-color: #aaa077 !important;}&#8221;][vc_column width=&#8221;1\/6&#8243;]<style>.vcex-image.vcex_69dfc4fc64faf .vcex-image-inner{max-width:90px;}<\/style><figure class=\"vcex-image vcex-module wpex-text-center  wpb_animate_when_almost_visible wpb_fadeInUp fadeInUp vcex_69dfc4fc64faf\"><div class=\"vcex-image-inner wpex-relative wpex-inline-block\"><a href=\"https:\/\/almerdisticaret.com\/index.php\/urunlerimiz\/\"><img width=\"300\" height=\"240\" src=\"https:\/\/almerdisticaret.com\/wp-content\/uploads\/2019\/01\/dogus-cay-logo.png\" class=\"vcex-image-img wpex-align-middle\" alt=\"\" loading=\"lazy\" decoding=\"async\" \/><\/a><\/div><\/figure>[\/vc_column][vc_column width=&#8221;1\/6&#8243;]<style>.vcex-image.vcex_69dfc4fc68454 .vcex-image-inner{max-width:90px;}<\/style><figure class=\"vcex-image vcex-module wpex-text-center  wpb_animate_when_almost_visible wpb_fadeInUp fadeInUp vcex_69dfc4fc68454\"><div class=\"vcex-image-inner wpex-relative wpex-inline-block\"><a href=\"https:\/\/almerdisticaret.com\/index.php\/urunlerimiz\/\"><img width=\"871\" height=\"497\" src=\"https:\/\/almerdisticaret.com\/wp-content\/uploads\/2019\/01\/patos-logo.png\" class=\"vcex-image-img wpex-align-middle\" alt=\"\" loading=\"lazy\" decoding=\"async\" srcset=\"https:\/\/almerdisticaret.com\/wp-content\/uploads\/2019\/01\/patos-logo.png 871w, https:\/\/almerdisticaret.com\/wp-content\/uploads\/2019\/01\/patos-logo-768x438.png 768w\" sizes=\"auto, (max-width: 871px) 100vw, 871px\" \/><\/a><\/div><\/figure>[\/vc_column][vc_column width=&#8221;1\/6&#8243;]<style>.vcex-image.vcex_69dfc4fc693bc .vcex-image-img{border-radius:20px;}.vcex-image.vcex_69dfc4fc693bc .vcex-image-inner{max-width:90px;}<\/style><figure class=\"vcex-image vcex-module wpex-text-center  wpb_animate_when_almost_visible wpb_fadeInUp fadeInUp vcex_69dfc4fc693bc\"><div class=\"vcex-image-inner wpex-relative wpex-inline-block\"><a href=\"https:\/\/almerdisticaret.com\/index.php\/urunlerimiz\/\"><img width=\"260\" height=\"150\" src=\"https:\/\/almerdisticaret.com\/wp-content\/uploads\/2019\/01\/pinko-logo-v1.png\" class=\"vcex-image-img wpex-align-middle\" alt=\"\" loading=\"lazy\" decoding=\"async\" \/><\/a><\/div><\/figure>[\/vc_column][vc_column width=&#8221;1\/6&#8243;]<figure class=\"vcex-image vcex-module wpex-text-center  wpb_animate_when_almost_visible wpb_fadeInUp fadeInUp\"><div class=\"vcex-image-inner wpex-relative wpex-inline-block\"><a href=\"https:\/\/almerdisticaret.com\/index.php\/urunlerimiz\/\"><img width=\"260\" height=\"150\" src=\"https:\/\/almerdisticaret.com\/wp-content\/uploads\/2019\/01\/feyza-logo-v1.png\" class=\"vcex-image-img wpex-align-middle\" alt=\"\" loading=\"lazy\" decoding=\"async\" \/><\/a><\/div><\/figure>[\/vc_column][vc_column width=&#8221;1\/6&#8243;]<style>.vcex-image.vcex_69dfc4fc6af97 .vcex-image-inner{max-width:90px;}<\/style><figure class=\"vcex-image vcex-module wpex-text-center  wpb_animate_when_almost_visible wpb_fadeInUp fadeInUp vcex_69dfc4fc6af97\"><div class=\"vcex-image-inner wpex-relative wpex-inline-block\"><a href=\"https:\/\/almerdisticaret.com\/index.php\/urunlerimiz\/\"><img width=\"260\" height=\"150\" src=\"https:\/\/almerdisticaret.com\/wp-content\/uploads\/2019\/01\/tempo-logo-v1.png\" class=\"vcex-image-img wpex-align-middle\" alt=\"\" loading=\"lazy\" decoding=\"async\" \/><\/a><\/div><\/figure>[\/vc_column][vc_column width=&#8221;1\/6&#8243;]<style>.vcex-image.vcex_69dfc4fc6bf40 .vcex-image-img{border-radius:20px;}.vcex-image.vcex_69dfc4fc6bf40 .vcex-image-inner{max-width:90px;}<\/style><figure class=\"vcex-image vcex-module wpex-text-center  wpb_animate_when_almost_visible wpb_fadeInUp fadeInUp vcex_69dfc4fc6bf40\"><div class=\"vcex-image-inner wpex-relative wpex-inline-block\"><a href=\"https:\/\/almerdisticaret.com\/index.php\/urunlerimiz\/\"><img width=\"299\" height=\"175\" src=\"https:\/\/almerdisticaret.com\/wp-content\/uploads\/2019\/01\/cipsologo.png\" class=\"vcex-image-img wpex-align-middle\" alt=\"\" loading=\"lazy\" decoding=\"async\" \/><\/a><\/div><\/figure>[\/vc_column][\/vc_row]\n<\/div>","protected":false},"excerpt":{"rendered":"<p>[vc_row full_width=&#8221;stretch_row_content_no_spaces&#8221; remove_bottom_col_margin=&#8221;true&#8221;][vc_column][\/vc_column][\/vc_row][vc_row full_width=&#8221;stretch_row_content_no_spaces&#8221; remove_bottom_col_margin=&#8221;true&#8221; css=&#8221;.vc_custom_1547296676988{background-color: rgba(170,160,119,0.05) !important;*background-color: rgb(170,160,119) !important;}&#8221;][vc_column][\/vc_column][\/vc_row][vc_row full_width=&#8221;stretch_row&#8221; content_placement=&#8221;top&#8221; remove_bottom_col_margin=&#8221;true&#8221;][vc_column width=&#8221;1\/3&#8243;][vc_icon icon_fontawesome=&#8221;fa fa-users&#8221; color=&#8221;custom&#8221; background_style=&#8221;rounded&#8221; background_color=&#8221;blue&#8221; size=&#8221;lg&#8221; align=&#8221;center&#8221; custom_color=&#8221;#ffffff&#8221;][\/vc_column][vc_column width=&#8221;1\/3&#8243;][vc_icon icon_fontawesome=&#8221;fa fa-truck&#8221; color=&#8221;custom&#8221; background_style=&#8221;rounded&#8221; background_color=&#8221;blue&#8221; size=&#8221;lg&#8221; align=&#8221;center&#8221; custom_color=&#8221;#ffffff&#8221;][\/vc_column][vc_column width=&#8221;1\/3&#8243;][vc_icon icon_fontawesome=&#8221;fa fa-linode&#8221; color=&#8221;custom&#8221; background_style=&#8221;rounded&#8221; background_color=&#8221;blue&#8221; size=&#8221;lg&#8221; align=&#8221;center&#8221; custom_color=&#8221;#ffffff&#8221;][\/vc_column][\/vc_row][vc_row full_width=&#8221;stretch_row_content_no_spaces&#8221; css=&#8221;.vc_custom_1547373261809{background-color: #dd3333 !important;}&#8221;][vc_column][\/vc_column][\/vc_row][vc_row full_width=&#8221;stretch_row&#8221; css=&#8221;.vc_custom_1547384829547{background-image: url(https:\/\/almerdisticaret.com\/wp-content\/uploads\/2019\/01\/banner_cipso_2.jpg?id=88) !important;background-position: center !important;background-repeat: no-repeat !important;background-size: cover !important;}&#8221;][vc_column][\/vc_column][\/vc_row][vc_row full_width=&#8221;stretch_row&#8221;&hellip;<\/p>\n","protected":false},"author":1,"featured_media":0,"parent":0,"menu_order":0,"comment_status":"closed","ping_status":"closed","template":"","meta":{"footnotes":""},"class_list":["post-31","page","type-page","status-publish","hentry","entry","no-media"],"_links":{"self":[{"href":"https:\/\/almerdisticaret.com\/index.php\/wp-json\/wp\/v2\/pages\/31","targetHints":{"allow":["GET"]}}],"collection":[{"href":"https:\/\/almerdisticaret.com\/index.php\/wp-json\/wp\/v2\/pages"}],"about":[{"href":"https:\/\/almerdisticaret.com\/index.php\/wp-json\/wp\/v2\/types\/page"}],"author":[{"embeddable":true,"href":"https:\/\/almerdisticaret.com\/index.php\/wp-json\/wp\/v2\/users\/1"}],"replies":[{"embeddable":true,"href":"https:\/\/almerdisticaret.com\/index.php\/wp-json\/wp\/v2\/comments?post=31"}],"version-history":[{"count":19,"href":"https:\/\/almerdisticaret.com\/index.php\/wp-json\/wp\/v2\/pages\/31\/revisions"}],"predecessor-version":[{"id":132,"href":"https:\/\/almerdisticaret.com\/index.php\/wp-json\/wp\/v2\/pages\/31\/revisions\/132"}],"wp:attachment":[{"href":"https:\/\/almerdisticaret.com\/index.php\/wp-json\/wp\/v2\/media?parent=31"}],"curies":[{"name":"wp","href":"https:\/\/api.w.org\/{rel}","templated":true}]}}